+ 5919. Is y composite?
False
Suppose 5*s = 11*s - 27486. Let n = s - 2456. Let r = -614 + n. Is r a composite number?
False
Suppose 30 = 2*b - 346. Suppose -b = -a - 3*h + 390, -1694 = -3*a - h. Is a a composite number?
False
Let b(m) = -34*m**2 + 7*m - 32. Let j(d) = d**2 - 4*d + 1. Let t(v) = -b(v) - 5*j(v). Is t(22) a composite number?
True
Suppose 2*y - 100 = 4*i, -3*y + 113 = -3*i - 52. Let k(o) = -o**2 + 11*o + 10. Let u be k(6). Is ((-86)/(-1))/(u/y) composite?
True
Let o be (3 - 2)*-13 - -4. Let x be -9 - o - 0*(-2)/(-4). Suppose -4*b = -3*j + 4*j - 6630, -5*b + 4*j + 8277 = x. Is b a prime number?
True
Suppose 4*z = r + 16, 3*z - 13 - 16 = 5*r. Suppose -5*f + 4*h + 12 = -15, -f - z*h = 6. Is 2158/f - (5 + (-28)/6) a prime number?
True
Let y be -251 - (20/(-14) + (-250)/70 + 4). Let z be 2 + -173 + -2 + 2. Let o = z - y. Is o a composite number?
False
Suppose -5*b = 2*m + 31 - 20, -m + 4*b + 14 = 0. Is ((-39)/(-78))/((-2)/(-2536)*m) prime?
True
Suppose 0 = -u - 3, 0 = 10*g - 8*g + 3*u - 7. Suppose g*c - 45143 = c. Is c a prime number?
True
Suppose -134741 - 664948 = -33*h. Is h prime?
False
Let q(i) = 7*i - 44. Let c be q(7). Suppose -3*t + a = -1918, -c*t + 4*a - 5*a + 3210 = 0. Suppose y - 2*y + t = 0. Is y a composite number?
False
Suppose -3*w = -0*w. Suppose -6*r - 3*r + 270 = w. Suppose p - 113 = -r. Is p composite?
False
Let d(h) = -186*h - 863. Is d(-90) composite?
False
Let v(r) be the first derivative of r**4/4 - r**3 + r**2/2 + 24*r + 10. Is v(17) a composite number?
True
Suppose -38*l + 8*l + 549030 = -0*l. Is l composite?
False
Suppose -873351 - 303406 = -20*i + 3*i. Is i composite?
False
Let r(s) = -s**3 + 7*s**2 - 2*s + 19. Let b be r(7). Is b - (5 - 220) - 7 prime?
False
Let l(o) = -o**2 - 10*o - 23. Let f be l(-6). Is 1/f + 1924 + -4 prime?
False
Let j be 1*(-2 + -6 + 4). Is ((-143720)/60)/(j/6) prime?
True
Let d be 1/(-3) - 1464/54*-3. Let h = 85 - d. Suppose 662 = h*u - 2*u. Is u composite?
False
Suppose -4*p - 4*o + 44372 = 0, -44372 = -4*p - 18*o + 22*o. Is (-12)/18 - p/(-3) composite?
False
Suppose 42 = 7*r - 4*r. Suppose -2*f + r = f + 2*b, -7 = -f - 3*b. Suppose 0 = -5*z - 3*l - l + 501, -3*z - f*l + 307 = 0. Is z a composite number?
False
Let q(n) = 5155*n + 1. Is q(19) prime?
False
Let a(m) = -28*m - 105. Let c be a(-18). Let q(n) = -n**2 + 3*n + 11. Let g be q(5). Is g*c + (8 + -10 - 0) prime?
True
Let z = 2 - -14. Suppose 1744 = 12*c - z*c. Let q = c - -723. Is q a prime number?
False
Let j(x) = -30*x + 1. Let c be j(2). Let k be (1 + c/2)*2290/15. Let z = 9936 + k. Is z prime?
False
Let q = 693 - 963. Let z(m) = -81*m - 7. Let v be z(-6). Let b = v + q. Is b composite?
True
Suppose -4580 = -5*s - 5*z, 5*s - 7034 = -3*z - 2460. Let r = 69 + s. Is r a prime number?
False
Let n(p) = -54546*p - 167. Is n(-5) a prime number?
True
Suppose -k - 4*b + 4888282 = 5*k, 0 = -3*k - 3*b + 2444136. Is k composite?
False
Suppose 2*g + 5*w - 1505 = 0, 9*g + 5*w = 13*g - 2965. Is g composite?
True
Suppose -x - 643 = 2*q + q, 4*q - 1336 = 2*x. Let i = x - -8231. Is i a composite number?
False
Let i be (8 + 4)/((-2)/38*-1). Let c = i - 79. Is c prime?
True
Let i(f) = f**2 - 6*f - 3. Let r be i(8). Is 2/r + 2384970/910 a composite number?
False
Suppose -3*l + 128774 = 2*o, -5*l - 120438 = -2*o + 8368. Is o a composite number?
True
Is 23 + -11 + (-152095)/(-5) a prime number?
True
Suppose -2*q - 4*q = 72. Let h be (-4)/q*28 - (-4)/6. Let d(c) = c**2 + 5*c - 7. Is d(h) a composite number?
True
Let t be ((-2259)/(-2))/((-11)/(-44)). Is (((-14)/(-3))/2)/(6/t) a prime number?
False
Let b(k) = 363*k**2 + 1768*k - 88. Is b(-39) a prime number?
False
Let m = 5580 - 3957. Suppose -s = 620 - m. Is s composite?
True
Let x(l) = 3102*l**2 + 6*l - 6. Let u be x(2). Suppose 18*f + u = 134112. Is f prime?
True
Suppose -111*w + 33017684 + 20682673 = 0. Is w a prime number?
True
Let c = 200 - -963. Is c composite?
False
Let l(z) = 9*z**2 + 17*z + 26. Let u be l(-18). Suppose -3*k + u = -2*m, -5*k + 6150 = -m + 1752. Let g = k - 591. Is g a composite number?
True
Suppose -2*h + 692790 = -16*h. Let a = -17240 - h. Is a a prime number?
False
Suppose -5*l + 7330 = 5*w, -5*w + 6*w = 4*l - 5889. Is l a composite number?
False
Suppose -31*j = 318 + 23. Is (-2 - (j + 3)) + 20359 composite?
True
Let h(i) be the third derivative of -17*i**4/8 + 10*i**3/3 - 44*i**2. Is h(-27) a prime number?
False
Is (438585/(-14) + 4/(-24))*(-8 + 5) prime?
True
Let p(f) = 7*f - 35215. Let x(c) = 3*c - 17607. Let m(v) = 2*p(v) - 5*x(v). Let h be m(0). Suppose 3*n = 5*k - h, 503 + 17102 = 5*k - 2*n. Is k composite?
True
Let o = -172 - -131. Let j = o + 51. Suppose 2*n = -j*z + 5*z + 3306, 5*n = -5*z + 3300. Is z a composite number?
True
Suppose -i + 10 = -6*i. Let q be (4 + -5)*(i + 0/1). Suppose 632 = 5*z - 3*s, q*z + 2*s - 252 = 4*s. Is z composite?
False
Let n(w) = -w**2 - w - 1. Let f(i) = -i**3 + 6*i**2 + 16*i - 26. Let q(l) = -f(l) + 3*n(l). Is q(16) a composite number?
False
Let u(l) = -2*l**3 + 74*l**2 - 26*l + 8. Is u(-25) a composite number?
True
Suppose 0 = -119*o + 143*o - 935832. Is o a composite number?
False
Let c = 133261 - 216189. Is 6/(-9) + (c/(-12) - -3) a prime number?
False
Let x(z) = z. Let d(j) = -2*j**2 - 9*j + 1 + 3 + 10*j**2 - 5. Let w(c) = d(c) + 5*x(c). Is w(8) prime?
True
Let t(m) = 432*m**2 - 5*m - 85. Let v be t(-7). Suppose y + 5*q = v, -2*y - 2*q = 2*y - 84562. Is y composite?
False
Let h = -2136 + 2137. Suppose -4*l + 4*z - 19432 = 0, -l + 4*z - 4870 = -0*l. Is (4/(-8))/(h/l) a composite number?
True
Let r(x) = -59*x - 1 + 40*x - 110*x. Let z be r(-6). Let c = -291 + z. Is c prime?
False
Let z(j) = -6606*j + 761. Is z(-5) a composite number?
False
Let g = 24074 - 12223. Suppose -5*a = -4*a - g. Is a a composite number?
True
Let t(j) = j**3 + j**2 + j. Let b(p) = -4*p**3 - 7*p**2 - 9*p + 25. Let l(y) = -b(y) - 2*t(y). Is l(9) composite?
False
Let o be ((-786)/4)/((-2)/(-4)). Suppose 3*l - 5*x + 2729 = -l, 5*l = -5*x - 3445. Let z = o - l. Is z composite?
False
Suppose -33*g = -10*g + g - 298104. Is g composite?
False
Suppose -457901 + 1067918 = 158*y - 985625. Is y prime?
True
Let g = -763 + 543. Let l = g - -359. Is l composite?
False
Let q(l) = 378754*l**2 - 504*l - 501. Is q(-1) a composite number?
False
Let d(k) = -k**3 - 13*k**2 + 14*k + 6. Let m be d(-14). Is (3/5 - (-80616)/15) + m a composite number?
False
Let x(t) = 1037*t - 27. Let r be x(7). Let s = 219 + r. Is s composite?
False
Suppose 2*u + 2*x - 8 = 0, 2*x - 8 = -10. Is (-6)/10 + (u - (-48069)/15) composite?
False
Let h = 189 + -173. Let p(k) = 14*k**2 + 22*k - 107. Is p(h) prime?
False
Let g be ((-1081821)/(-6))/((-3)/(-6)). Suppose 38*q - g = -49349. Is q a composite number?
False
Let h be (-522)/75*-2 - 60/(-750). Suppose -h*x - 28*x + 410466 = 0. Is x prime?
False
Let f(b) = 66*b**3 + 2*b**2 + 3*b + 19. Let i be f(7). Suppose -3582 - i = -6*u. Is u a prime number?
False
Let n(m) = 263*m + 11. Let f(s) = 394*s + 17. Let t(g) = 5*f(g) - 8*n(g). Let a be t(-2). Suppose d - a = 186. Is d a composite number?
True
Let r = -44409 + 64498. Is r composite?
False
Suppose -8*g = -11*g + 9. Suppose 4*l + g*w - 496 = 0, -5*l - 2*w + 651 = -6*w. Is l composite?
False
Suppose -6*b + 3*b = -h + 50611, 4*b - 50583 = -h. Is h a composite number?
False
Suppose 42*f - 200 = -32. Let c be 1 - (-3)/(-3) - -3. Is (c + 2689)/f*1 a composite number?
False
Let w = 399594 - 227351. Is w prime?
True
Let a be ((-6)/(-1))/((-6)/27). Let j be 9 + -1 + (a/(-3))/3. Suppose 261 = -j*o + 2032. Is o prime?
False
Let s = -59292 + 258313. Is s composite?
False
Suppose 45*g + 345814 + 803235 = 56*g. Is g prime?
True
Let t = -31810 + 58149. Is t composite?
False
Let c = 329 + -589. Let k = c - -1257. Is k composite?
False
Let b(m) = 24*m**3 + 9*m**2 + 34*m + 156. Is b(11) composite?
False
Let a(l) = 5*l + 30. Let u be a(-9). Let y be 50/u*(-3)/2. Suppose 621 = f - y*g, 5*g = -3 - 7. Is f a prime number?
False
Suppose 4261720 + 1558991 = 39*n. Is n prime?
True
Let b = -1981 - -974. Let l = -450 - b. Is l a prime number?
True
Let x(o) be the third derivative of 687*o**5/2 - 13*o**4/12 - o**3/2 + 18*o**2 + 2. Is x(2) prime?
False
Suppose n - 49077 = 3*g + 124168, 0 = -5*n + 5*g + 866185. Is n composite?
True